10).
265
Let d(i) = -i**3 + 20*i**2 - 102*i + 17. What is d(11)?
-16
Let a(j) = 19*j**2 + 23*j - 63. What is a(4)?
333
Let r(g) = -g**2 + 1369*g + 39109. Determine r(-28).
-7
Let u(c) = c**3 + 3*c**2 - 13*c + 59. Give u(4).
119
Let u(k) = 113*k + 13119. Determine u(-116).
11
Let o(c) = 7*c**2 - 49*c - 207. What is o(10)?
3
Let d(n) = 2*n + 100. Determine d(-61).
-22
Let g(v) = v**3 - 7*v**2 - 34*v - 106. Give g(11).
4
Let v(d) = -341*d + 1013. Determine v(3).
-10
Let f(h) = 22*h - 159. Give f(15).
171
Let l(h) = -3*h**2 + 163*h + 1026. Calculate l(60).
6
Let q(b) = 19*b**2 + 24*b - 126. Determine q(2).
-2
Let b(g) = 2*g**3 - 81*g**2 - 128*g + 81. What is b(42)?
-3
Let a(o) = -4*o**2 - 31*o - 11. Give a(-7).
10
Let w(k) = -2*k + 105. What is w(38)?
29
Let r(s) = -1166*s - 9319. Give r(-8).
9
Let z(s) = -1608*s + 3202. What is z(2)?
-14
Let s(p) = -2366*p + 85172. What is s(36)?
-4
Let j(q) = -42*q + 60. Give j(2).
-24
Let g(f) = -66*f + 428. Give g(2).
296
Let c(t) = 36*t - 345. Give c(9).
-21
Let y(v) = 3*v**2 - 127*v - 1205. Give y(-8).
3
Let o(w) = -6*w**2 + 3*w - 14. Calculate o(-3).
-77
Let u(j) = -2*j**3 - 18*j**2 - 43*j - 28. Give u(-6).
14
Let t(g) = -11009*g + 11010. Give t(1).
1
Let a(o) = -349*o + 5929. Calculate a(17).
-4
Let s(m) = 3*m**2 + 183*m - 1427. Determine s(-68).
1
Let x(z) = 10*z**2 + 128*z - 12. Give x(-13).
14
Let r(q) = 58*q - 1089. What is r(19)?
13
Let s(j) = -j**3 - 37*j**2 - 223*j + 273. Calculate s(-9).
12
Let b(q) = -2*q**2 + 27*q + 223. Calculate b(19).
14
Let j(h) = h**3 + h**2 + 5*h + 20. Calculate j(3).
71
Let x(w) = -3*w**3 + 28*w**2 + 137*w - 1327. Calculate x(8).
25
Let a(v) = 3*v**2 - 136*v - 580. What is a(-4)?
12
Let g(k) = -k**3 - 9*k**2 - 54*k - 269. Calculate g(-7).
11
Let g(o) = -o**3 - 46*o**2 + 41*o - 158. Determine g(-47).
124
Let u(l) = 5*l**2 + 160*l + 826. Give u(-8).
-134
Let j(t) = 4*t**2 + 143*t - 7. What is j(-35)?
-112
Let w(b) = -11*b**2 + 169*b + 23. Calculate w(15).
83
Let g(i) = -6*i**2 - 2*i - 7. Give g(-4).
-95
Let q(x) = 3*x**3 - 58*x**2 + 221*x + 27. Calculate q(14).
-15
Let a(n) = 4*n**3 - n**2 - 33*n - 68. Determine a(-2).
-38
Let c(g) = g**3 + 5*g**2 + 52*g + 147. Give c(-3).
9
Let x(d) = d**3 + 14*d**2 + 8*d + 11. Give x(-15).
-334
Let y(u) = 14*u - 73. Give y(6).
11
Let q(j) = 119*j - 312. Determine q(5).
283
Let y(d) = d**2 + 26*d - 120. Calculate y(-29).
-33
Let v(m) = -m**3 - 105*m**2 - 435*m - 126. What is v(-4)?
-2
Let o(r) = 15*r + 91. Determine o(9).
226
Let n(b) = b**2 - 51*b + 316. Determine n(36).
-224
Let t(q) = 9*q + 38. Calculate t(4).
74
Let y(i) = -i**3 + 4*i**2 + 74*i + 314. What is y(-5)?
169
Let q(d) = -5*d**2 + 195*d - 1876. Determine q(17).
-6
Let a(d) = -d**3 + 31*d**2 - 153*d - 8. Give a(7).
97
Let i(a) = -5*a + 268. Give i(-23).
383
Let v(m) = 54*m**2 - 375*m - 15. Calculate v(7).
6
Let v(q) = q**3 + 12*q**2 + q - 45. What is v(-13)?
-227
Let k(s) = s**2 - 21*s - 68. Calculate k(32).
284
Let g(l) = 6*l + 17. Give g(-2).
5
Let c(f) = 42*f + 138. Calculate c(2).
222
Let t(v) = 2*v**3 + 11*v**2 + 7*v - 19. Give t(-4).
1
Let m(c) = -4*c**3 - 107*c**2 + 31*c + 40. Determine m(-27).
-68
Let a(r) = r**2 + 121*r + 2101. Give a(-21).
1
Let a(k) = 3*k**2 + 51*k + 181. Give a(-12).
1
Let k(s) = s**2 - 120*s + 559. Determine k(115).
-16
Let v(w) = 2*w**2 + 245*w + 1402. Determine v(-6).
4
Let d(h) = 3*h**3 + 81*h**2 + 84*h + 93. Give d(-26).
-63
Let k(t) = 2*t**3 + 85*t**2 + 308*t + 2. Determine k(-4).
2
Let u(w) = 7*w**2 + 193*w + 990. Calculate u(-5).
200
Let l(o) = -o**2 + 5*o + 194. Calculate l(-11).
18
Let l(w) = w**2 - 28*w + 11. Calculate l(31).
104
Let s(q) = 143*q + 2421. Calculate s(-17).
-10
Let a(y) = y**3 - 4*y**2 - 21*y + 19. Give a(6).
-35
Let p(g) = 2*g**3 + 33*g**2 - 22*g - 70. Give p(-17).
15
Let w(m) = 37*m - 517. Calculate w(14).
1
Let q(p) = -p**2 + 6*p + 32. Calculate q(-4).
-8
Let c(b) = -9*b**3 - 46*b**2 - 17*b - 122. What is c(-5)?
-62
Let n(u) = 10*u**3 - 58*u**2 - 39*u + 179. Give n(6).
17
Let i(m) = -169*m + 179. Give i(4).
-497
Let v(f) = 113*f + 6. Give v(1).
119
Let k(v) = 5*v**2 + 67*v + 262. Calculate k(-9).
64
Let z(k) = 4*k**2 - 14*k + 39. Determine z(0).
39
Let h(k) = -45*k**2 + 34*k - 18. Give h(3).
-321
Let i(k) = -407*k + 6099. Give i(15).
-6
Let g(j) = j**3 + 11*j**2 + 17*j + 23. Determine g(-10).
-47
Let z(h) = 2*h**3 - 14*h**2 - 18*h + 2. Calculate z(8).
-14
Let d(r) = r**3 + 41*r**2 + 106*r - 315. Give d(-38).
-11
Let j(k) = k**2 + 5*k - 296. Give j(15).
4
Let w(j) = -6*j**3 - j**2 + 8*j + 6. Determine w(-3).
135
Let k(d) = -d**3 - 34*d**2 - 189*d + 7. Determine k(-27).
7
Let b(z) = 24*z**2 + 2088*z - 23. Calculate b(-87).
-23
Let r(c) = -c**2 - 12*c + 73. Determine r(-22).
-147
Let i(r) = -112*r - 7265. Determine i(-65).
15
Let f(u) = -120*u - 9622. Give f(-80).
-22
Let d(g) = 83*g + 569. What is d(-7)?
-12
Let k(s) = -s**2 - 19*s - 28. What is k(-12)?
56
Let v(h) = -h**2 + 172*h + 701. What is v(176)?
-3
Let f(g) = 4*g**2 - 859*g + 6425. Determine f(207).
8
Let z(d) = 2*d**3 - 8*d**2 - 18*d + 74. What is z(3)?
2
Let n(y) = 238*y - 7985. Give n(34).
107
Let c(l) = 21*l - 480. Give c(11).
-249
Let j(m) = -m**3 + 14*m**2 - 9*m + 88. Determine j(14).
-38
Let z(r) = -16*r**2 - 1435*r - 949. What is z(-89)?
30
Let i(n) = -n**3 - 6*n**2 + 3*n - 39. Calculate i(-8).
65
Let l(u) = -u**3 - 51*u**2 + 153*u - 89. What is l(-54)?
397
Let q(t) = 3955*t. What is q(0)?
0
Let t(b) = -1320*b + 1323. What is t(1)?
3
Let d(a) = a**2 + 10*a - 82. Calculate d(-18).
62
Let v(b) = -4*b**3 - 18*b**2 - 10*b + 1. Determine v(-3).
-23
Let f(b) = b**3 + 21*b**2 + 8*b + 18. Calculate f(-20).
258
Let g(c) = -c**3 + 29*c**2 - 27*c - 124. What is g(28)?
-96
Let y(x) = 2*x**2 + 27*x - 369. Determine y(-22).
5
Let a(s) = s**2 + 47*s - 1085. What is a(-64)?
3
Let w(i) = -23*i**3 - 8*i**2 + 2*i. Give w(1).
-29
Let z(d) = -7*d**2 + 2*d - 205. Calculate z(-8).
-669
Let d(g) = -10*g**3 - 2*g**2 - 457*g + 459. What is d(1)?
-10
Let l(f) = -155*f + 302. Calculate l(2).
-8
Let g(c) = -7*c**2 + 60*c - 78. What is g(6)?
30
Let n(x) = -x**3 - 7*x**2 + 112*x - 127. Calculate n(-15).
-7
Let b(w) = -56*w**3 + 3*w**2 - 2*w + 2. Calculate b(1).
-53
Let p(j) = 74*j**2 + 363*j - 39. What is p(-5)?
-4
Let x(j) = -6*j**3 - j**2 - 4*j - 1. Give x(-3).
164
Let k(h) = 101*h + 300. Calculate k(-3).
-3
Let y(s) = s**3 + 13*s + 2. What is y(0)?
2
Let p(y) = -177*y + 20873. What is p(118)?
-13
Let u(k) = 15*k + 162. Calculate u(-14).
-48
Let b(g) = 81*g**2 + 485*g - 14. Calculate b(-6).
-8
Let w(n) = -2*n**2 - 12*n + 116. What is w(5)?
6
Let q(c) = 149*c**2 + 41*c - 42. What is q(1)?
148
Let n(f) = -3*f**3 - 119*f**2 + 42*f + 85. Give n(-40).
5
Let n(x) = -26*x**2 + 36*x + 139. Determine n(-4).
-421
Let c(v) = v**3 + 53*v**2 + 703*v + 23. Determine c(-26).
-3
Let q(m) = 3137*m - 40787. Calculate q(13).
-6
Let v(g) = g**2 - 42*g + 44. Give v(42).
44
Let n(h) = 18*h - 105. Determine n(7).
21
Let j(s) = -7*s + 160. Calculate j(25).
-15
Let d(j) = -2*j**3 - 525*j**2 - 2070*j - 6. What is d(-4)?
2
Let a(x) = -x**3 - 6*x**2 + 2*x + 109. Calculate a(-9).
334
Let l(s) = -7*s**2 + 40*s + 176. Give l(-3).
-7
Let i(v) = 146*v + 7734. Determine i(-53).
-4
Let s(f) = f**3 + 20*f**2 + 19*f - 6. What is s(-19)?
-6
Let q(x) = -53*x + 1545. Calculate q(33).
-204
Let c(w) = -6*w - 43. Determine c(-3).
-25
Let m(n) = -14140*n + 127271. Give m(9).
11
Let z(k) = 2*k**3 - 70*k**2 + 64*k + 128. What is z(34)?
-8
Let f(i) = -2*i**2 - 21*i - 59. What is f(-7)?
-10
Let v(y) = 3309*y - 16536. Give v(5).
9
Let j(l) = -1848*l - 7382. Give j(-4).
10
Let r(f) = -2*f**3 - 15*f**2 + 12*f + 19. Calculate r(-7).
-114
Let p(q) = 42*q**2 + 978*q + 977. Give p(-1).
41
Let b(j) = -19072*j - 38155. What is b(-2)?
-11
Let u(p) = -p**3 + 171*p**2 - 7296*p - 706. Give u(88).
-2
Let o(p) = -p**3 + 15*p**2 - 47*p + 101. Determine o(13).
-172
Let r(y) = -2*y**3 - 21*y**2 - 16*y + 102. Determine r(-9).
3
Let u(d) = 8*d + 335. Give u(-9).
263
Let v(x) = -2*x**2 + 2*x + 71. Determine v(11).
-149
Let u(d) = -2*d**3 + 95*d**2 - 37*d - 473. Give u(47).
-3
Let i(o) = -o**3 - 69*o**2 - 210*o - 43. What is i(-3)?
-7
Let j(d) = 87*d - 142. Calculate j(6).
380
Let y(k) = 68*k**2 + 2*k + 5. What is y(3)?
623
Let f(n) = -n**3 + 3*n**2